{"id":6684,"date":"2021-04-26T10:52:59","date_gmt":"2021-04-26T13:52:59","guid":{"rendered":"https:\/\/graviteon.com.br\/?post_type=product&#038;p=6684"},"modified":"2021-04-26T10:52:59","modified_gmt":"2021-04-26T13:52:59","slug":"cordao-personalizado","status":"publish","type":"product","link":"https:\/\/graviteon.com.br\/index.php\/product\/cordao-personalizado\/","title":{"rendered":"Cord\u00e3o personalizado"},"content":{"rendered":"<p>Nossos cord\u00f5es possuem\u00a0<span class=\"style4\"><strong>12 meses<\/strong><\/span>\u00a0de garantia \u00e1 partir da data de confec\u00e7\u00e3o, trocamos o cord\u00f5es sem custo e temos um prazo de entrega de at\u00e9 7 dias* (at\u00e9 50 cord\u00f5es).<\/p>\n<p>Prestamos servi\u00e7os a todas empresas que querem dar uma nova vis\u00e3o a sua categoria, seja para identifica\u00e7\u00e3o dos funcion\u00e1rios a seus clientes ou para marca\u00e7\u00e3o de ponto eletr\u00f4nico (trabalhamos com todos os rel\u00f3gios informatizados).<\/p>\n","protected":false},"excerpt":{"rendered":"<p>Temos op\u00e7\u00e3o de v\u00e1rios layouts prontos ou personalizados para cada empresa assim tornado a identifica\u00e7\u00e3o da sua empresa \u00fanica.<\/p>\n","protected":false},"featured_media":6685,"template":"","meta":{"om_disable_all_campaigns":false,"inline_featured_image":false,"_monsterinsights_skip_tracking":false,"_monsterinsights_sitenote_active":false,"_monsterinsights_sitenote_note":"","_monsterinsights_sitenote_category":0},"product_cat":[55],"product_tag":[],"class_list":{"0":"post-6684","1":"product","2":"type-product","3":"status-publish","4":"has-post-thumbnail","6":"product_cat-cordoes","8":"first","9":"instock","10":"shipping-taxable","11":"purchasable","12":"product-type-simple"},"aioseo_notices":[],"_links":{"self":[{"href":"https:\/\/graviteon.com.br\/index.php\/wp-json\/wp\/v2\/product\/6684","targetHints":{"allow":["GET"]}}],"collection":[{"href":"https:\/\/graviteon.com.br\/index.php\/wp-json\/wp\/v2\/product"}],"about":[{"href":"https:\/\/graviteon.com.br\/index.php\/wp-json\/wp\/v2\/types\/product"}],"wp:featuredmedia":[{"embeddable":true,"href":"https:\/\/graviteon.com.br\/index.php\/wp-json\/wp\/v2\/media\/6685"}],"wp:attachment":[{"href":"https:\/\/graviteon.com.br\/index.php\/wp-json\/wp\/v2\/media?parent=6684"}],"wp:term":[{"taxonomy":"product_cat","embeddable":true,"href":"https:\/\/graviteon.com.br\/index.php\/wp-json\/wp\/v2\/product_cat?post=6684"},{"taxonomy":"product_tag","embeddable":true,"href":"https:\/\/graviteon.com.br\/index.php\/wp-json\/wp\/v2\/product_tag?post=6684"}],"curies":[{"name":"wp","href":"https:\/\/api.w.org\/{rel}","templated":true}]}}